{"id":843,"date":"2022-12-11T00:56:45","date_gmt":"2022-12-11T00:56:45","guid":{"rendered":"http:\/\/investinalentejo.pt\/en\/?page_id=843"},"modified":"2023-08-18T12:03:12","modified_gmt":"2023-08-18T12:03:12","slug":"politica-de-privacidade","status":"publish","type":"page","link":"https:\/\/investinalentejo.pt\/en\/invest-in-alentejo\/politica-de-privacidade\/","title":{"rendered":"Privacy Policy"},"content":{"rendered":"\t\t<div data-elementor-type=\"wp-page\" data-elementor-id=\"843\" class=\"elementor elementor-843\">\n\t\t\t\t\t\t\t\t\t<section class=\"elementor-section elementor-top-section elementor-element elementor-element-a43fe65 elementor-section-boxed elementor-section-height-default elementor-section-height-default\" data-id=\"a43fe65\" data-element_type=\"section\">\n\t\t\t\t\t\t<div class=\"elementor-container elementor-column-gap-default\">\n\t\t\t\t\t<div class=\"elementor-column elementor-col-100 elementor-top-column elementor-element elementor-element-e2fc93e\" data-id=\"e2fc93e\" data-element_type=\"column\">\n\t\t\t<div class=\"elementor-widget-wrap elementor-element-populated\">\n\t\t\t\t\t\t\t\t<div class=\"elementor-element elementor-element-0a1eed6 elementor-widget elementor-widget-heading\" data-id=\"0a1eed6\" data-element_type=\"widget\" data-widget_type=\"heading.default\">\n\t\t\t\t<div class=\"elementor-widget-container\">\n\t\t\t<style>\/*! elementor - v3.16.0 - 12-09-2023 *\/\n.elementor-heading-title{padding:0;margin:0;line-height:1}.elementor-widget-heading .elementor-heading-title[class*=elementor-size-]>a{color:inherit;font-size:inherit;line-height:inherit}.elementor-widget-heading .elementor-heading-title.elementor-size-small{font-size:15px}.elementor-widget-heading .elementor-heading-title.elementor-size-medium{font-size:19px}.elementor-widget-heading .elementor-heading-title.elementor-size-large{font-size:29px}.elementor-widget-heading .elementor-heading-title.elementor-size-xl{font-size:39px}.elementor-widget-heading .elementor-heading-title.elementor-size-xxl{font-size:59px}<\/style><h3 class=\"elementor-heading-title elementor-size-default\">Privacy Policy<\/h3>\t\t<\/div>\n\t\t\t\t<\/div>\n\t\t\t\t\t<\/div>\n\t\t<\/div>\n\t\t\t\t\t\t\t<\/div>\n\t\t<\/section>\n\t\t\t\t<section class=\"elementor-section elementor-top-section elementor-element elementor-element-99e7471 elementor-section-boxed elementor-section-height-default elementor-section-height-default\" data-id=\"99e7471\" data-element_type=\"section\">\n\t\t\t\t\t\t<div class=\"elementor-container elementor-column-gap-default\">\n\t\t\t\t\t<div class=\"elementor-column elementor-col-100 elementor-top-column elementor-element elementor-element-79b2e2d\" data-id=\"79b2e2d\" data-element_type=\"column\">\n\t\t\t<div class=\"elementor-widget-wrap elementor-element-populated\">\n\t\t\t\t\t\t\t\t<div class=\"elementor-element elementor-element-57e163f elementor-widget elementor-widget-text-editor\" data-id=\"57e163f\" data-element_type=\"widget\" data-widget_type=\"text-editor.default\">\n\t\t\t\t<div class=\"elementor-widget-container\">\n\t\t\t<style>\/*! elementor - v3.16.0 - 12-09-2023 *\/\n.elementor-widget-text-editor.elementor-drop-cap-view-stacked .elementor-drop-cap{background-color:#69727d;color:#fff}.elementor-widget-text-editor.elementor-drop-cap-view-framed .elementor-drop-cap{color:#69727d;border:3px solid;background-color:transparent}.elementor-widget-text-editor:not(.elementor-drop-cap-view-default) .elementor-drop-cap{margin-top:8px}.elementor-widget-text-editor:not(.elementor-drop-cap-view-default) .elementor-drop-cap-letter{width:1em;height:1em}.elementor-widget-text-editor .elementor-drop-cap{float:left;text-align:center;line-height:1;font-size:50px}.elementor-widget-text-editor .elementor-drop-cap-letter{display:inline-block}<\/style>\t\t\t\t<p>A ADRAL &#8211; Ag\u00eancia de Desenvolvimento Regional do Alentejo tem como miss\u00e3o o desenvolvimento econ\u00f3mico e social da regi\u00e3o Alentejo, atrav\u00e9s da coopera\u00e7\u00e3o com os diversos agentes no territ\u00f3rio, numa posi\u00e7\u00e3o de interface entre parceiros, pol\u00edticas e recursos.<\/p>\n<p>No desenvolvimento da sua atividade, a ADRAL &#8211; Ag\u00eancia de Desenvolvimento Regional do Alentejo, recolhe e processa dados pessoais dos indiv\u00edduos que a contactam, por meio presencial, telef\u00f3nico ou por via eletr\u00f3nica, de forma a dar resposta aos pedidos que lhe chegam.<\/p>\n<p>No \u00e2mbito do tratamento dos seus dados pessoais, a ADRAL &#8211; Ag\u00eancia de Desenvolvimento Regional do Alentejo salvaguarda que estes ser\u00e3o de acesso limitado \u00e0s pessoas do universo da Ag\u00eancia que tenham necessidade de os conhecer, no exerc\u00edcio das suas fun\u00e7\u00f5es e na estrita medida do necess\u00e1rio para a prossecu\u00e7\u00e3o das finalidades para os quais os dados pessoais foram recolhidos, ou<br>para finalidades compat\u00edveis com o(s) prop\u00f3sito(s) inicial(is).<\/p>\n<p>\u00c9 com o prop\u00f3sito de satisfa\u00e7\u00e3o dos seus parceiros que, enquanto Respons\u00e1vel pelo Tratamento dos seus Dados, a ADRAL &#8211; Ag\u00eancia de Desenvolvimento Regional do Alentejo:<\/p>\n<ul>\n<li>Assegura que o tratamento dos seus Dados Pessoais \u00e9 efetuado no \u00e2mbito da(s) finalidade(s) para os quais os mesmos foram recolhidos, ou para finalidades compat\u00edveis com o(s) prop\u00f3sito(s) inicial(is) para que foram recolhidos.<\/li>\n<li>Assume o compromisso de implementar uma cultura de minimiza\u00e7\u00e3o de Dados, em que apenas se recolhe, utiliza e conserva os Dados Pessoais estritamente necess\u00e1rios ao desenvolvimento da sua atividade e \u00e0 satisfa\u00e7\u00e3o dos interesses dos cidad\u00e3os.<\/li>\n<li>N\u00e3o procede \u00e0 divulga\u00e7\u00e3o ou partilha dos seus Dados Pessoais para fins comerciais ou de&nbsp;<span style=\"color: var( --e-global-color-text ); font-weight: var( --e-global-typography-text-font-weight );\">publicidade.<\/span><\/li>\n<\/ul>\n<p>Utilizamos um conjunto de tecnologias, ferramentas e procedimentos de seguran\u00e7a, desenvolvendo esfor\u00e7os para proteger os seus Dados Pessoais do acesso, uso ou divulga\u00e7\u00e3o n\u00e3o autorizados.&nbsp;<\/p>\n<p>Possibilitamos, a seu pedido, o direito ao acesso, retifica\u00e7\u00e3o, limita\u00e7\u00e3o de tratamento e apagamento dos seus Dados Pessoais, bem como, o direito de se opor ao seu processamento.<\/p>\n<p>Caso a utiliza\u00e7\u00e3o dos seus Dados Pessoais seja baseada no consentimento, tem o direito de o retirar, a todo o tempo, sem comprometer a validade do tratamento de dados efetuado at\u00e9 esse momento.<\/p>\n<p>Caso pretenda algum esclarecimento adicional sobre os conte\u00fados desta Pol\u00edtica, poder\u00e1 utilizar os canais definidos para o efeito, apresentados de seguida:<\/p>\n<p><b>Email:<\/b><br>geral@adral.pt<\/p><p><b>Telefone:<\/b><br>+351 266 769 150<\/p><p><b>Morada:<\/b><br>Rua Circular Norte do Parque Industrial, 35<br>\u00c9voraTech<br>7005-841 \u00c9vora<\/p>\t\t\t\t\t\t<\/div>\n\t\t\t\t<\/div>\n\t\t\t\t\t<\/div>\n\t\t<\/div>\n\t\t\t\t\t\t\t<\/div>\n\t\t<\/section>\n\t\t\t\t\t\t\t<\/div>\n\t\t","protected":false},"excerpt":{"rendered":"<p>A ADRAL &#8211; Ag\u00eancia de Desenvolvimento Regional do Alentejo tem como miss\u00e3o o desenvolvimento econ\u00f3mico e social da regi\u00e3o Alentejo, atrav\u00e9s da coopera\u00e7\u00e3o com os diversos agentes no territ\u00f3rio, numa posi\u00e7\u00e3o de interface entre parceiros, pol\u00edticas e recursos. No desenvolvimento da sua atividade, a ADRAL &#8211; Ag\u00eancia de Desenvolvimento Regional do Alentejo, recolhe e processa [&hellip;]<\/p>\n","protected":false},"author":1,"featured_media":931,"parent":726,"menu_order":5,"comment_status":"closed","ping_status":"closed","template":"","meta":{"footnotes":""},"class_list":["post-843","page","type-page","status-publish","has-post-thumbnail","hentry"],"acf":[],"_links":{"self":[{"href":"https:\/\/investinalentejo.pt\/en\/wp-json\/wp\/v2\/pages\/843","targetHints":{"allow":["GET"]}}],"collection":[{"href":"https:\/\/investinalentejo.pt\/en\/wp-json\/wp\/v2\/pages"}],"about":[{"href":"https:\/\/investinalentejo.pt\/en\/wp-json\/wp\/v2\/types\/page"}],"author":[{"embeddable":true,"href":"https:\/\/investinalentejo.pt\/en\/wp-json\/wp\/v2\/users\/1"}],"replies":[{"embeddable":true,"href":"https:\/\/investinalentejo.pt\/en\/wp-json\/wp\/v2\/comments?post=843"}],"version-history":[{"count":9,"href":"https:\/\/investinalentejo.pt\/en\/wp-json\/wp\/v2\/pages\/843\/revisions"}],"predecessor-version":[{"id":1980,"href":"https:\/\/investinalentejo.pt\/en\/wp-json\/wp\/v2\/pages\/843\/revisions\/1980"}],"up":[{"embeddable":true,"href":"https:\/\/investinalentejo.pt\/en\/wp-json\/wp\/v2\/pages\/726"}],"wp:featuredmedia":[{"embeddable":true,"href":"https:\/\/investinalentejo.pt\/en\/wp-json\/wp\/v2\/media\/931"}],"wp:attachment":[{"href":"https:\/\/investinalentejo.pt\/en\/wp-json\/wp\/v2\/media?parent=843"}],"curies":[{"name":"wp","href":"https:\/\/api.w.org\/{rel}","templated":true}]}}

<div data-elementor-type="wp-page" data-elementor-id="843" class="elementor elementor-843">
									<section class="elementor-section elementor-top-section elementor-element elementor-element-a43fe65 elementor-section-boxed elementor-section-height-default elementor-section-height-default" data-id="a43fe65" data-element_type="section">
						<div class="elementor-container elementor-column-gap-default">
					<div class="elementor-column elementor-col-100 elementor-top-column elementor-element elementor-element-e2fc93e" data-id="e2fc93e" data-element_type="column">
			<div class="elementor-widget-wrap elementor-element-populated">
								<div class="elementor-element elementor-element-0a1eed6 elementor-widget elementor-widget-heading" data-id="0a1eed6" data-element_type="widget" data-widget_type="heading.default">
				<div class="elementor-widget-container">
			<style>/*! elementor - v3.16.0 - 12-09-2023 */
.elementor-heading-title{padding:0;margin:0;line-height:1}.elementor-widget-heading .elementor-heading-title[class*=elementor-size-]>a{color:inherit;font-size:inherit;line-height:inherit}.elementor-widget-heading .elementor-heading-title.elementor-size-small{font-size:15px}.elementor-widget-heading .elementor-heading-title.elementor-size-medium{font-size:19px}.elementor-widget-heading .elementor-heading-title.elementor-size-large{font-size:29px}.elementor-widget-heading .elementor-heading-title.elementor-size-xl{font-size:39px}.elementor-widget-heading .elementor-heading-title.elementor-size-xxl{font-size:59px}</style><h3 class="elementor-heading-title elementor-size-default">Privacy Policy</h3>		</div>
				</div>
					</div>
		</div>
							</div>
		</section>
				<section class="elementor-section elementor-top-section elementor-element elementor-element-99e7471 elementor-section-boxed elementor-section-height-default elementor-section-height-default" data-id="99e7471" data-element_type="section">
						<div class="elementor-container elementor-column-gap-default">
					<div class="elementor-column elementor-col-100 elementor-top-column elementor-element elementor-element-79b2e2d" data-id="79b2e2d" data-element_type="column">
			<div class="elementor-widget-wrap elementor-element-populated">
								<div class="elementor-element elementor-element-57e163f elementor-widget elementor-widget-text-editor" data-id="57e163f" data-element_type="widget" data-widget_type="text-editor.default">
				<div class="elementor-widget-container">
			<style>/*! elementor - v3.16.0 - 12-09-2023 */
.elementor-widget-text-editor.elementor-drop-cap-view-stacked .elementor-drop-cap{background-color:#69727d;color:#fff}.elementor-widget-text-editor.elementor-drop-cap-view-framed .elementor-drop-cap{color:#69727d;border:3px solid;background-color:transparent}.elementor-widget-text-editor:not(.elementor-drop-cap-view-default) .elementor-drop-cap{margin-top:8px}.elementor-widget-text-editor:not(.elementor-drop-cap-view-default) .elementor-drop-cap-letter{width:1em;height:1em}.elementor-widget-text-editor .elementor-drop-cap{float:left;text-align:center;line-height:1;font-size:50px}.elementor-widget-text-editor .elementor-drop-cap-letter{display:inline-block}</style>				<p>A ADRAL &#8211; Agência de Desenvolvimento Regional do Alentejo tem como missão o desenvolvimento económico e social da região Alentejo, através da cooperação com os diversos agentes no território, numa posição de interface entre parceiros, políticas e recursos.</p>
<p>No desenvolvimento da sua atividade, a ADRAL &#8211; Agência de Desenvolvimento Regional do Alentejo, recolhe e processa dados pessoais dos indivíduos que a contactam, por meio presencial, telefónico ou por via eletrónica, de forma a dar resposta aos pedidos que lhe chegam.</p>
<p>No âmbito do tratamento dos seus dados pessoais, a ADRAL &#8211; Agência de Desenvolvimento Regional do Alentejo salvaguarda que estes serão de acesso limitado às pessoas do universo da Agência que tenham necessidade de os conhecer, no exercício das suas funções e na estrita medida do necessário para a prossecução das finalidades para os quais os dados pessoais foram recolhidos, ou<br>para finalidades compatíveis com o(s) propósito(s) inicial(is).</p>
<p>É com o propósito de satisfação dos seus parceiros que, enquanto Responsável pelo Tratamento dos seus Dados, a ADRAL &#8211; Agência de Desenvolvimento Regional do Alentejo:</p>
<ul>
<li>Assegura que o tratamento dos seus Dados Pessoais é efetuado no âmbito da(s) finalidade(s) para os quais os mesmos foram recolhidos, ou para finalidades compatíveis com o(s) propósito(s) inicial(is) para que foram recolhidos.</li>
<li>Assume o compromisso de implementar uma cultura de minimização de Dados, em que apenas se recolhe, utiliza e conserva os Dados Pessoais estritamente necessários ao desenvolvimento da sua atividade e à satisfação dos interesses dos cidadãos.</li>
<li>Não procede à divulgação ou partilha dos seus Dados Pessoais para fins comerciais ou de&nbsp;<span style="color: var( --e-global-color-text ); font-weight: var( --e-global-typography-text-font-weight );">publicidade.</span></li>
</ul>
<p>Utilizamos um conjunto de tecnologias, ferramentas e procedimentos de segurança, desenvolvendo esforços para proteger os seus Dados Pessoais do acesso, uso ou divulgação não autorizados.&nbsp;</p>
<p>Possibilitamos, a seu pedido, o direito ao acesso, retificação, limitação de tratamento e apagamento dos seus Dados Pessoais, bem como, o direito de se opor ao seu processamento.</p>
<p>Caso a utilização dos seus Dados Pessoais seja baseada no consentimento, tem o direito de o retirar, a todo o tempo, sem comprometer a validade do tratamento de dados efetuado até esse momento.</p>
<p>Caso pretenda algum esclarecimento adicional sobre os conteúdos desta Política, poderá utilizar os canais definidos para o efeito, apresentados de seguida:</p>
<p><b>Email:</b><br>geral@adral.pt</p><p><b>Telefone:</b><br>+351 266 769 150</p><p><b>Morada:</b><br>Rua Circular Norte do Parque Industrial, 35<br>ÉvoraTech<br>7005-841 Évora</p>						</div>
				</div>
					</div>
		</div>
							</div>
		</section>
							</div>

<p>A ADRAL &#8211; Agência de Desenvolvimento Regional do Alentejo tem como missão o desenvolvimento económico e social da região Alentejo, através da cooperação com os diversos agentes no território, numa posição de interface entre parceiros, políticas e recursos. No desenvolvimento da sua atividade, a ADRAL &#8211; Agência de Desenvolvimento Regional do Alentejo, recolhe e processa [&hellip;]</p>
